e
Let r be (-176)/14 + 8/14. Let f be (-2 - (-1164)/9)/(r/(-90)). Suppose -5*x = -5*z + 73 + 837, -5*z - 4*x + f = 0. Is z a composite number?
True
Suppose -2*u - 99 + 111 = 0. Suppose q - 542 = u*b - 7*b, -q - 5*b + 546 = 0. Is q prime?
True
Let i(n) = -2*n - 7. Let a be i(-10). Suppose a*g - 5 = 8*g. Is (-2 + (-33)/(-9))/(g/249) a composite number?
True
Let d be (-40 + 3)*6/(-2). Let y be 2/(-5) + d/15 + -2. Is 271 - (0/y - 3) composite?
True
Is -6 - (-266595 + 7 + (3 - 8)) prime?
True
Let b be (115/(-10) - 0)*-34 - 5. Let g = 10287 - b. Is g a composite number?
False
Let h = 392624 - 46833. Is h a composite number?
False
Suppose -y = w - 0*y - 34, 0 = -4*y + 8. Is (-6)/8 - (-85496)/w a prime number?
True
Is (1 - (-115468)/(-6))*(-502 - -499) prime?
True
Let h(d) be the second derivative of d**5/20 - d**4/4 + 8*d**3/3 - 5*d**2/2 - 67*d. Is h(13) prime?
False
Let n(y) = -y - 11. Let o be n(-11). Suppose 9*m - 8127 = -o*m. Suppose -m = -2*f - 3*d, 3*f + 2*d = -d + 1356. Is f prime?
False
Let c be -2 + (0/3 - -266). Let f be c/(-26) + (-12)/(-78). Let q(s) = -14*s - 6. Is q(f) composite?
True
Let n(w) = w**3 + 68*w**2 - 565*w - 167. Is n(-60) a composite number?
False
Let s = 2037 - 1079. Let a = s + 735. Is a prime?
True
Let n be (528/32)/(1/2). Let j be (-96)/72*n/(-2). Let w = 477 + j. Is w composite?
False
Let q = -306001 - -931590. Is q a composite number?
False
Let v = 10355 - 654. Suppose u - 4381 = -2*l + v, 0 = 5*u. Is l a composite number?
True
Let k(h) = -3*h**3 + 2*h**2 - 18*h + 3. Let a(p) = -5*p**3 + 5*p**2 - 37*p + 6. Let o(y) = -6*a(y) + 13*k(y). Is o(-4) prime?
True
Let k(g) be the second derivative of 365*g**3/6 + 87*g**2/2 + 87*g. Is k(10) a composite number?
True
Let i = -269525 + 464184. Is i prime?
True
Let k be (-58017)/2 - (-1)/16*-8. Let p = -11352 - k. Is p composite?
False
Let i = -35 + 53. Suppose -4*r = p - 6 - 8, 4*r = p + i. Let o(k) = -72*k + 1. Is o(p) a prime number?
False
Let k(h) = -h**2 - 10*h + 22. Let u be k(-12). Let f be ((-4)/(-14))/u - (-64)/56. Let v(r) = 2052*r**2 + r. Is v(f) composite?
False
Suppose 17*j + 4*l = 14*j - 8, -j - 16 = 4*l. Suppose -j*z - 19125 = -t, 0 = -3*z - z - 4. Is t a composite number?
False
Suppose -4*y = 3*t + 79, -4*t - 4*y + 28 = 128. Let n be -1 + 1 + (t - -55). Is n - (-7 + (-1 - -4)) prime?
False
Suppose -5*q = 3 - 13. Suppose 0 = t + q*d - 331, t + 0*d - 327 = -3*d. Let v = t + -22. Is v prime?
True
Suppose -2*y + 72404 + 66542 = -4*j, -5*y = 4*j - 347421. Is y a prime number?
True
Is (-30)/(5 + 0) - ((-48948 - -1) + 0) composite?
True
Let n be -2 + (-4 - (-24 - (4 + 1))). Is 3*(n + -23 + (-12694)/(-6)) prime?
False
Suppose -3*h + 3*f = 51, 5*h - 4*f = 3*h - 30. Let r(x) = -x - 14. Let b be r(h). Suppose b*j - 15 = 0, 0*a - 16973 = -4*a - 3*j. Is a prime?
True
Let h be (-8)/((-16)/107839) - (-1)/(-2). Suppose 161754 = 3*z - 3*d, -2*z = -z - 2*d - h. Is z composite?
False
Let f(b) = 320*b**2 + 11*b - 19. Is f(-14) composite?
True
Suppose 0 = 5*b + h - 70, -4*b - 5*h = -61 + 5. Let i = 16 - b. Suppose 3*l - s - 4095 = -i*l, 2*l = -2*s + 1626. Is l a prime number?
False
Suppose -g - 3*p + 773004 = 0, -3 = p - 0*p. Is g a composite number?
True
Suppose -71867 = -5*h + 136028. Is h a prime number?
True
Is (19 + -10)/9*(582796 - -13) composite?
False
Suppose 193*h = 189*h + 8. Suppose f - 3458 = 3*j, -h*f = -5*j + 2*j - 6913. Is f a prime number?
False
Suppose 20240 + 5290 = 5*t. Suppose t = -z + 4*z. Suppose z + 509 = 11*l. Is l a composite number?
True
Let q = 5019 + -458. Is q a composite number?
False
Let v = 874797 - 225910. Is v a composite number?
False
Let k = 756 - 759. Let m(u) = 10 - 6*u - 7*u + 4*u. Is m(k) prime?
True
Let u be ((-11391)/(-4))/(((-58)/(-72))/29). Suppose 6*s - u = -3741. Is s prime?
False
Let r be -31142*(-7)/28*2. Suppose 8*b - r = 7*b. Is b prime?
False
Let x(f) be the third derivative of 8/3*f**3 + 0*f + 7/60*f**5 + 1/6*f**4 + 22*f**2 + 0. Is x(5) composite?
False
Let m = -76 - -80. Suppose m*v + 4*c = 9*v - 8185, 0 = -4*c. Is v a prime number?
True
Suppose -6*k + 106 = 88. Suppose -4*c - 12683 = -q, -k*c + 1230 - 13910 = -q. Is q a composite number?
False
Suppose -4*d - 3*c + 23 = 0, -2*d + c - 1 = -0. Suppose -d*m = -4*m - 24. Is m/30 - (-5874)/10 prime?
True
Let k = -201 + 203. Is (-1 - k)*((-1217381)/(-33))/(-11) composite?
False
Let d = 4496 - -72083. Is d a prime number?
True
Let z(p) = -11*p**3 - p**2 - 4*p - 3. Suppose 9*q + 325 = 4*q. Let b = -69 - q. Is z(b) prime?
True
Suppose 1072*i = 1073*i - 3*a - 245645, -4*a = i - 245589. Is i composite?
False
Suppose 9 + 2 = -c. Let p(g) = g**2 + 12*g + 12. Let l be p(c). Is (7505 - (-4 - l))/(2 - 0) composite?
True
Let w(m) = 17*m - 10. Let c be w(1). Suppose -c*o - 633 = -8*o. Is o a composite number?
True
Let u = 1962603 - 1196774. Is u prime?
False
Suppose -5267 = -w - 8*x + 3*x, -5*w + x + 26335 = 0. Let i = -4 - -9. Suppose 2*y - w = -5*g, -i*g + 6007 = -5*y + 712. Is g composite?
True
Let o = 88 - 82. Suppose -3*q + 3 = 0, o*s - q = 3*s + 128. Suppose -2*h + 27 = -s. Is h a prime number?
False
Let b be 20*(5 + -1)/4. Suppose b*f = f + 70471. Is f composite?
False
Suppose -65 - 152 = -j. Suppose j = -74*i + 81*i. Is i prime?
True
Suppose -36966 + 318632 + 22216 = 6*h. Is h composite?
False
Suppose 0 = -2*t + 4*r - 10, -t + 4*t - 25 = -2*r. Suppose t*q + 5*q = 20. Suppose q*u = -3*i + 422, -3*i - 3*u = u - 418. Is i a prime number?
False
Suppose 3*d = -5*q + 989346, -345650 - 50098 = -2*q + 2*d. Is q composite?
True
Suppose t - 30 = -3*y, 4*y - 42 = 3*t - 15. Let p = -193 - y. Let x = 516 + p. Is x prime?
False
Let n(q) = -q**2 - q + 3. Let s be n(0). Suppose l + 3*a = 17, 8*l - 3*a = s*l - 5. Suppose l*k = 2*g - 4*g + 274, -k = -5*g + 661. Is g composite?
True
Let n(r) = r. Let v(w) = -7*w + 27. Let a(q) = 6*n(q) + v(q). Let m be a(24). Suppose j = 3*j + z - 2122, -3185 = -m*j - 2*z. Is j a composite number?
True
Let t(p) = 3180*p + 397. Is t(19) prime?
False
Is 4995780/84 - 15/(-35) - 7 a composite number?
False
Let f = -336 - -320. Let x(j) = -j**3 - 5*j**2 + 3*j + 65. Is x(f) a composite number?
False
Let b = -39 - -52. Suppose b*p = 15*p - 100. Is p/(-125) - 3714/(-10) a prime number?
False
Is (100/180*(0 + 9))/((-5)/(-20873)) prime?
True
Suppose -10 = -5*n - 4*l + 4, -4*n = -3*l - 36. Let g be (2 - 16/n)/((-40)/300). Suppose -4*j = -g*o - 7874 + 951, o = 3*j - 5184. Is j prime?
False
Let u(v) = 2942*v + 5. Let q(g) = 2942*g + 5. Suppose -4*x - 13 = 3. Let r(p) = x*u(p) + 3*q(p). Is r(-2) a prime number?
True
Suppose 3*i + i - 3*j = 1634966, j + 1634970 = 4*i. Is i composite?
False
Suppose -4*r - 2 = 42. Let d be r/(((-1)/(-140))/(-1)). Let a = d + -839. Is a prime?
True
Let f = 43 - 31. Suppose f*d - 10582 = 9206. Is d a prime number?
False
Suppose 192*t - 8806497 = 2827743. Is t a prime number?
False
Suppose -315 = -g + 372. Let n be -278 + (17 - 30) + -17. Let b = n + g. Is b a prime number?
True
Let s(i) be the second derivative of 3*i**3/2 + 149*i**2/2 + 42*i. Is s(-8) a composite number?
True
Let j be (14 - 3) + 2 + -8. Suppose -2*i = 4*w - 6146, j*i + 3*w + 383 = 15741. Is i a prime number?
False
Let s be (-80)/48 - 64583/(-3). Suppose 3*k + 55559 = 5*z, -2*z + 708 + s = 4*k. Is z prime?
True
Is 14 - 1204/84 - (-1124456)/6 composite?
False
Let q(h) = -230 + 112 + 80 + 12*h**2 - 14*h - 15*h**3. Is q(-9) composite?
True
Let v(n) = -n**3 + 2*n**2 + 4*n - 6. Let i be v(2). Suppose 2 = i*g - 16. Suppose -4*y = -g*y + 470. Is y a prime number?
False
Is (1236238/(-5))/((950/(-125))/19) a composite number?
False
Let g be 3/((-3)/(-20)) - (122 + -130). Let x(s) = -443*s - 5. Let l be x(-6). Is 2 + l/g*(-4)/(-1) a prime number?
False
Let u(r) = 3*r + 25. Let x be u(-8). Suppose -5 + x = -4*q. Is (2164/(-1 + 5))/q prime?
True
Let q = -15071 - -37775. Let x = -15899 + q. Is x composite?
True
Is (-2)/(-4)*(-19 + 39733) a composite number?
True
Suppose -4*q + 192 - 4240 = -2*j, -5*j = q + 1012. Is ((-2)/(-4))/(((-34)/q)/17) composite?
True
Let d(y) = y - 20. Let g be d(24). Let m = 1 + g. Suppose -m*n - 1107 + 4442 = 0. Is n a prime number?
False
Suppose -11*k - 1194855 = -16*k - 5*m, -5*k + 3*m + 1194823 = 0. Is k a prime number?
True
Suppose 2*d + 5*o - 4385 = 0, 0*d = 5*d + 5*o - 1098